vided by 511.
34
What is the remainder when 26 is divided by 11?
4
Calculate the remainder when 484 is divided by 54.
52
What is the remainder when 125 is divided by 48?
29
What is the remainder when 1075 is divided by 24?
19
Calculate the remainder when 67 is divided by 35.
32
What is the remainder when 154 is divided by 26?
24
What is the remainder when 67 is divided by 14?
11
What is the remainder when 1763 is divided by 126?
125
What is the remainder when 55 is divided by 11?
0
What is the remainder when 2603 is divided by 163?
158
Calculate the remainder when 36 is divided by 4.
0
Calculate the remainder when 35 is divided by 18.
17
Calculate the remainder when 92 is divided by 20.
12
Calculate the remainder when 819 is divided by 167.
151
What is the remainder when 72 is divided by 11?
6
Calculate the remainder when 1375 is divided by 32.
31
What is the remainder when 65 is divided by 25?
15
Calculate the remainder when 1341 is divided by 61.
60
What is the remainder when 1792 is divided by 46?
44
Calculate the remainder when 560 is divided by 138.
8
What is the remainder when 255 is divided by 52?
47
What is the remainder when 242 is divided by 68?
38
Calculate the remainder when 2591 is divided by 11.
6
Calculate the remainder when 355 is divided by 122.
111
Calculate the remainder when 734 is divided by 4.
2
What is the remainder when 122 is divided by 44?
34
What is the remainder when 156 is divided by 105?
51
Calculate the remainder when 101 is divided by 56.
45
What is the remainder when 726 is divided by 73?
69
Calculate the remainder when 511 is divided by 504.
7
Calculate the remainder when 278 is divided by 10.
8
Calculate the remainder when 753 is divided by 14.
11
Calculate the remainder when 1084 is divided by 34.
30
What is the remainder when 911 is divided by 17?
10
Calculate the remainder when 504 is divided by 23.
21
What is the remainder when 1390 is divided by 140?
130
Calculate the remainder when 1656 is divided by 52.
44
Calculate the remainder when 9105 is divided by 138.
135
Calculate the remainder when 553 is divided by 115.
93
What is the remainder when 4547 is divided by 7?
4
Calculate the remainder when 417 is divided by 73.
52
What is the remainder when 3972 is divided by 331?
0
What is the remainder when 326 is divided by 8?
6
What is the remainder when 533 is divided by 62?
37
Calculate the remainder when 393 is divided by 97.
5
What is the remainder when 1256 is divided by 181?
170
Calculate the remainder when 895 is divided by 2.
1
Calculate the remainder when 954 is divided by 467.
20
Calculate the remainder when 15 is divided by 15.
0
What is the remainder when 348 is divided by 27?
24
Calculate the remainder when 4935 is divided by 11.
7
What is the remainder when 42 is divided by 19?
4
Calculate the remainder when 214 is divided by 15.
4
Calculate the remainder when 138 is divided by 126.
12
What is the remainder when 858 is divided by 35?
18
Calculate the remainder when 171 is divided by 87.
84
Calculate the remainder when 1050 is divided by 72.
42
Calculate the remainder when 110 is divided by 30.
20
Calculate the remainder when 367 is divided by 55.
37
Calculate the remainder when 2026 is divided by 157.
142
Calculate the remainder when 121 is divided by 28.
9
What is the remainder when 1473 is divided by 53?
42
What is the remainder when 86 is divided by 34?
18
What is the remainder when 120 is divided by 25?
20
What is the remainder when 209 is divided by 43?
37
What is the remainder when 391 is divided by 98?
97
Calculate the remainder when 14 is divided by 8.
6
Calculate the remainder when 1687 is divided by 127.
36
What is the remainder when 446 is divided by 43?
16
Calculate the remainder when 6748 is divided by 135.
133
What is the remainder when 962 is divided by 255?
197
What is the remainder when 830 is divided by 16?
14
Calculate the remainder when 857 is divided by 38.
21
Calculate the remainder when 102 is divided by 46.
10
Calculate the remainder when 183 is divided by 53.
24
Calculate the remainder when 153 is divided by 52.
49
What is the remainder when 117 is divided by 24?
21
What is the remainder when 68 is divided by 30?
8
What is the remainder when 8955 is divided by 13?
11
Calculate the remainder when 3995 is divided by 12.
11
Calculate the remainder when 1430 is divided by 472.
14
What is the remainder when 287 is divided by 14?
7
Calculate the remainder when 988 is divided by 457.
74
Calculate the remainder when 251 is divided by 32.
27
What is the remainder when 865 is divided by 10?
5
Calculate the remainder when 917 is divided by 115.
112
What is the remainder when 324 is divided by 64?
4
Calculate the remainder when 778 is divided by 17.
13
What is the remainder when 11761 is divided by 68?
65
Calculate the remainder when 12 is divided by 5.
2
Calculate the remainder when 553 is divided by 12.
1
Calculate the remainder when 411 is divided by 128.
27
Calculate the remainder when 1302 is divided by 10.
2
Calculate the remainder when 21 is divided by 11.
10
What is the remainder when 169 is divided by 17?
16
What is the remainder when 559 is divided by 99?
64
What is the remainder when 787 is divided by 24?
19
What is the remainder when 7627 is divided by 212?
207
Calculate the remainder when 1931 is divided by 24.
11
Calculate the remainder when 274 is divided by 71.
61
What is the remainder when 1004 is divided by 18?
14
Calculate the remainder when 306 is divided by 95.
21
Calculate the remainder when 77 is divided by 15.
2
What is the remainder when 384 is divided by 39?
33
Calculate the remainder when 96 is divided by 13.
5
Calculate the remainder when 14772 is divided by 197.
194
What is the remainder when 1365 is divided by 10?
5
Calculate the remainder when 66 is divided by 24.
18
Calculate the remainder when 1918 is divided by 36.
10
What is the remainder when 228 is divided by 21?
18
Calculate the remainder when 8890 is divided by 36.
34
What is the remainder when 6366 is divided by 32?
30
What is the remainder when 250 is divided by 42?
40
Calculate the remainder when 1621 is divided by 116.
113
Calculate the remainder when 7624 is divided by 305.
304
Calculate the remainder when 697 is divided by 255.
187
Calculate the remainder when 3239 is divided by 90.
89
What is the remainder when 1572 is divided by 83?
78
Calculate the remainder when 74 is divided by 5.
4
What is the remainder when 408 is divided by 41?
39
Calculate the remainder when 1990 is divided by 166.
164
Calculate the remainder when 246 is divided by 64.
54
What is the remainder when 134 is divided by 35?
29
What is the remainder when 996 is divided by 341?
314
What is the remainder when 6672 is divided by 75?
72
Calculate the remainder when 1113 is divided by 17.
8
What is the remainder when 305 is divided by 116?
73
Calculate the remainder when 230 is divided by 13.
9
Calculate the remainder when 117 is divided by 88.
29
Calculate the remainder when 319 is divided by 14.
11
Calculate the remainder when 372 is divided by 372.
0
What is the remainder when 422 is divided by 16?
6
What is the remainder when 128 is divided by 2?
0
Calculate the remainder when 510 is divided by 85.
0
What is the remainder when 195 is divided by 22?
19
Calculate the remainder when 13 is divided by 8.
5
What is the remainder when 33 is divided by 24?
9
Calculate the remainder when 215 is divided by 103.
9
Calculate the remainder when 1613 is divided by 68.
49
Calculate the remainder when 438 is divided by 22.
20
What is the remainder when 1596 is divided by 41?
38
Calculate the remainder when 133 is divided by 1.
0
Calculate the remainder when 217 is divided by 75.
67
What is the remainder when 4916 is divided by 28?
16
Calculate the remainder when 822 is divided by 11.
8
What is the remainder when 513 is divided by 17?
3
Calculate the remainder when 391 is divided by 30.
1
What is the remainder when 12 is divided by 6?
0
Calculate the remainder when 605 is divided by 224.
157
What is the remainder when 370 is divided by 72?
10
What is the remainder when 33 is divided by 26?
7
What is the remainder when 807 is divided by 260?
27
What is the remainder when 272 is divided by 8?
0
Calculate the remainder when 5900 is di